3 - (-1 - 3 - 1)?
-9
(0 - 22) + (11 - 10 - -9)
-12
What is the value of -4 + 1 - ((-6 - (-5 - 1)) + -2)?
-1
What is the value of (-4 - -11) + (10 - 4 - 4) + -4?
5
What is (-8 - -2) + (0 - -6) - -5?
5
(15 - (9 + 5 + -2)) + -32
-29
What is 1 + 5 + (-7 - -2) - (5 - -1)?
-5
What is the value of -6 + -5 + 1 + (-258 - -252)?
-16
What is -13 + 36 + -38 - (1 - -6)?
-22
What is the value of 2 - -6 - (-32 + (-50 - -66))?
24
What is the value of -2 + (14 - 9) + 6 + 1?
10
Calculate ((11 - 7) + -10 - -17) + 3.
14
What is the value of (6 - 6) + -4 + -2 + 3?
-3
What is the value of -11 - (5 + (-13 - -3) - (15 - 15))?
-6
Evaluate -14 + (-12 + (-5 - -8) - -4).
-19
61 + -67 + -3 + (0 - -5)
-4
Calculate -1 + 3 - (-47 + 46 - -9).
-6
Evaluate 6 + (3 + 13 + -5 - (8 + -7)).
16
(46 - (5 + 35)) + -36
-30
What is the value of -3 + -14 - (181 - 206)?
8
What is the value of (23 - 4) + (15 - 8)?
26
What is the value of (1 - 10) + 32 + -16 - 10?
-3
What is -4 - -76 - 76 - (0 - -8)?
-12
Calculate (5 - -3) + (2 - 6 - -7).
11
Evaluate (21 - -2) + 25 + -37.
11
(-3 + -6 - (34 - 36)) + 24
17
(0 - (0 - 2)) + (2708 - 2714)
-4
Evaluate 6 - (-1 + 1 - -5).
1
What is the value of (-35 - -33 - (24 - -3)) + 11 + -4?
-22
2 + 37 + 336 + -359
16
Evaluate (-10 - -17) + (26 - (-2 - (-9 - -2))).
28
What is the value of 24 + (21 - 20) + 3 + -11?
17
Calculate (5 - 14 - -2) + 16 + 0.
9
Evaluate -2 - (8 - (40 - 6) - (2 + -10)).
16
What is the value of (7 + (-7 - (7 - 4)) - -6) + -15?
-12
What is the value of -4 + -15 + (4 + 1 - 1 - -5)?
-10
-14 + (-16 - -2) - -48
20
What is 13 + 15 + (5 - 14)?
19
-11 - ((-16 - -24) + -7)
-12
(-4 - -5) + (-52 - -36) - -21
6
Calculate (3 + -1 - 0) + (52 - 69).
-15
What is the value of -7 + (23 - (-9 - -8)) - 9?
8
What is (-12 + 25 - 3) + 1 + -30?
-19
-73 - (-75 - (-18 + -21))
-37
Calculate (-2 - -56) + (-318 - -286).
22
Calculate 19 + -15 + -21 + 3.
-14
12 - ((-13 - -2) + 15 + (0 - 5))
13
Evaluate (-15 - 3) + (17 - 5) + -32 + 14.
-24
What is 512 + -500 - ((1 - 1) + 35)?
-23
What is the value of -3 + 6 + -5 + 6 + -5?
-1
25 - (28 + -20 - -4)
13
What is the value of -73 + 44 - (3 - 18)?
-14
What is the value of -11 + (6 - (8 + -13)) - -1 - 26?
-25
18 + -10 + (-3 - 9) - 5
-9
What is the value of 1 + -2 + -5 - (-7 - (1 + -2))?
0
-1 + -11 + -3 + 0 + -5 + 6
-14
What is 3 + 2 - (-3 - (8 - 13)) - -7?
10
Evaluate 7 - 4 - ((0 - 1) + -1 + -1).
6
What is the value of 19 - (-9 + 28 + -23)?
23
Calculate -37 + 38 + (35 - (-5 + 15 + -7)).
33
What is 16 + (8 + 18 - 26)?
16
What is (68 - 63) + (5 - 14)?
-4
What is 2 - -1 - (-128 - -151)?
-20
(1 - 16) + 8 + -3 + (3 - 5)
-12
What is the value of (-81 - -39) + 36 + (8 - 1)?
1
What is the value of (3 - -6 - 20 - -17) + -15 + -1?
-10
Calculate -21 + (-55 - -56) + 1 + 2.
-17
Calculate (19 + 3 - 8) + 2 + 7.
23
What is the value of 18 + (5 + -7 - 8) + (24 - 0)?
32
What is the value of 1 - -10 - (-27 - (-65 + 39))?
12
Calculate -3 + (-6 - (-7 - 10)) + 21.
29
Calculate 1 + 11 - (-51 + 66).
-3
Evaluate -16 - -16 - (-3 + 12).
-9
Evaluate 17 + -14 - (-5 - (-7 - (-1 - 12))).
14
-17 + (27 - -5) + (4 - -2) + 1
22
-13 + 47 + -19 + 5 + 7
27
What is 5 + -7 + 17 + -3 + (9 - 13)?
8
What is the value of (-9 - -4) + -25 - -17?
-13
Calculate -7 - ((8 - 16) + 11 - (0 + 3)).
-7
63 - 49 - (-1 - (-11 - -2))
6
What is the value of -11 - (-46 + 67) - (0 + -16)?
-16
What is the value of -1 + (7 - (-6 - -7)) - 4?
1
Calculate -4 + (-3 - -23) + 9 + -8 + -4.
13
What is the value of (-31 - -27) + (2 - (-25 + -2)) + -4?
21
What is the value of (81 - 66 - 6) + -1 + (-2 - 1)?
5
Calculate 22 - (-5 - 24 - -61).
-10
Calculate (-7 - 0) + 8 - ((-1 - -21) + 1).
-20
(-12 - -24) + 0 + -20
-8
214 + -218 + (20 - -1)
17
(18 - (-9 - -11)) + -36 + 11
-9
Calculate 52 + -46 - (1 + 2 - 2).
5
What is the value of 0 + -12 + 17 - 5?
0
What is the value of -1 + 5 + -144 + 133?
-7
Evaluate (-60 - -66) + (-2 + 4 - 0) + -27.
-19
What is the value of -3 - ((1 - 8) + 4 + -1)?
1
What is 3 + -39 - (-4 + -17)?
-15
What is the value of -13 - (-24 + 16 + -5) - (-1 - 0)?
1
-19 + 16 - (-5 + -5 + -5)
12
-18 - 0 - (-11 + (-12 - -12) + 5)
-12
Evaluate 2 - (4 + 5 + -3).
-4
What is (-6 - -1) + 15 + -29 + 20?
1
(0 - 14) + 5 - -6
-3
Evaluate (62 - (10 - -37)) + (-1 - (2 + 1)).
11
What is 10 + -2 - (-7 + 92 - 46)?
-31
27 - (1 - (-10 + (-6 - -5)))
15
Calculate (1 + 9 - 16) + (-1 - 5).
-12
-22 - -10 - -28 - 7
9
Evaluate (24 - 10) + -9 + (2 - 3 - 2).
2
What is -27 + 42 - (-5 + 4 + 19)?
-3
What is 3 - (5 + (1 - 1) - (40 - 11))?
27
What is 1 + 6 - 7 - (1 + 8)?
-9
Calculate (-2 - (-11 + (23 - 9))) + 8 + -3.
0
Evaluate -1 - (3 + (7 - 7) - 5 - 1).
2
Evaluate 42 + -17 - (-7 - (-3 + 6 + -5)).
30
Evaluate -7 + (0 - -2) + -8.
-13
Evaluate (-2 - (11 - 3)) + 13.
3
What is 3 - (-16 + 31) - -1?
-11
Calculate -13 - (9 + -12 - 19).
9
47 + (-7 - 20) + 12 + 6
38
What is the value of -7 + -8 + 39 + -13 - 4?
7
What is the value of 46 + 0 + -6 - 18?
22
Evaluate 1 - ((-21 + 9 - (-1 + -2)) + -5).
15
Evaluate 4 + (-7 - 0) + (-10 - -8).
-5
Evaluate 22 - (10 + -25 + 25).
12
What is the value of -7 + -15 - -37 - 18?
-3
What is the value of (-35 - -1) + 20 + (-1 - -4)?
-11
What is (34 + -18 - -22) + 3 + -5?
36
What is 13 - (-1 - (2 - (3 - 0) - 4))?
9
Evaluate -5 + (-5 - -6 - (-1 - 1)) + 3.
1
What is 6 + -29 + 15 - (-1 + 3 + 1)?
-11
(-40 - -33) + (-1 - -14) + (-18 - 0)
-12
What is the value of (60 - 44) + -25 + -1 - -23?
13
What is -16 + 13 - -8 - (6 - -1) - -2?
0
(3 - (7 + -3)) + -5 + -4 + -7
-17
What is the value of 2 + 1 + (38 - 36) - (-5 + 10)?
0
What is 32 - (1 + -41 + 71)?
1
-3 - -12 - 6 - (0 - (0 - -5))
8
Evaluate (-2 - (15 - 18)) + 10 + -3.
8
Evaluate (0 - 4) + (4 - -21) + -10.
11
What is -4 + (5 - (14 + -28)) + -2?
13
(12 - 40) + 36 - (-6 - -1)
13
Evaluate (6 - 3 - -2) + (208 - 206).
7
What is -2 - (-13 - 3) - 3?
11
3 + 2 + 0 + -13 - -20 - -5
17
(-99 - -94) + (14 - -2)
11
Evaluate (10 - (1 - -1 - (-22 + 29))) + 12.
27
What is -5 - (-1 + 4 + -5 - (7 + 5))?
9
Calculate (7 - (-2 + -2 - -6)) + -3.
2
(-20 - (34 - 68)) + -22
-8
-6 + (-5 - -4) + (-1 + 1 - -6)
-1
Evaluate -9 + 10 + 2 + -6 + (0 - -7).
4
Calculate -39 + 3 - ((6 - 3) + -2 - 12).
-25
Calculate 24 + 11 + -37 + -11.
-13
What is the value of -4 + 0 + -736 + 723?
-17
Evaluate 23 - (8 + (-3 + 4 - 0)).
14
Calculate (3 - ((-6 - (11 + -8)) + 9)) + -10.
-7
-24 + 54 - (0 + 9)
21
What is the value of -1 + 11 - (18 + -21 + 14)?
-1
What is -4 + -20 + 9 - (-1 - 2)?
-12
What is the value of 7 + (-6 - 8) + -7?
-14
Evaluate (5 + -22 - -10) + 5.
-2
What is 1 - -3 - (6 + 3)?
-5
What is the value of 0 + -4 + (3 - 3) + -12?
-16
Calculate (-9 - (-4 + 4 - 3)) + -7.
-13
What is the value of 6 + -7 + -7 + -5?
-13
What is the value of (19 - (4 + 10)) + -12 + -6?
-13
-13 + 8 - ((-1 + -6 - -4) + 1)
-3
Calculate 6 - 18 - -16 - (1 - (-7 - -5)).
1
Calculate (25 - -3) + (-5 - -4) - (3 - -6).
18
Calculate 8 + (-8 + -7 - -6) + 9.
8
Calculate (228 - 237 - (23 + (1 - 3))) + 1.
-29
2 + -7 + (-3 - -12)
4
Evaluate 12 + (0 - -6) + -7 + (7 - 0).
18
Evaluate (-4 - (-4 + (-9 - -4) + -2)) + 4.
11
What is the value of 17 + -27 - -25 - -9?
24
Calculate -52 + (26 - -28) + (1 - -5).
8
Calculate -1 + (-1 - -3) + (-6 - -14).
9
What is the value of 5 - (32 - 14 - (-3 + 8))?
-8
15 + 1 - (38 - (-8 - -12))
-18
What is the value of 1 + (-6 - 2) + (160 - 153) - 6?
-6
Calculate -17 + -13 + 3 + 10 + 9.
-8
-15 + 1 - (32 + -31)
-15
What is -1 + 0 + (3 - (4 + 3 + 0))?
-5
What is the value of -15 + (-3 - 8) + -2 + 24?
-4
What is the value of (-1 - 2 - 3) + (-2 - -15 - 19)?
-12
Calculate ((-25 - (9 + -19)) + -6 - -11) + 24.
14
What is -14 - (11 + -33 + 18 + -2)?
-8
Evaluate 7 + -10 + 18 - 22 - -20.
13
What is (8 - -31) + -36 - (-2 - -1)?
4
(-1 + -6 - (10 - 11)) + -15 + 6
-15
-16 - (2 - -5 - -1) - (-32 - -29)
-21
Evaluate ((-10 - -19) + -7 - (-8 - 0)) + -39.
-29
What is 1 - -6 - (66 - 65)?
6
What is -31 - ((-22 - -5) + (-27 - -47))?
-34
What is the value of 394 + -391 + 2 + (-3 - 2)?
0
What is -39 - (-56 + 28 + -3)?
-8
-8 + 3 + 13 - (-42 + 39)
11
What is -1 + 7 + -4 + -43 + -93 + 101?
-33
Evaluate -5 - (-1 + 0 + 47 + -54).
3
What is the value of 881 + -900 - (-4 - 1)?
-14
What is the value of 17 - (0 + 16 - (112 - 111))?
2
Calculate 21 + 0 - (7 + -16 - -16).
14
Evaluate 0 - (15 - 37) - 24.
-2
Calculate (-12 - (-10 - -2)) + 12 + -9.
-1
